r) = r**2 + 6*r - 7. Give h(z).
20
Let k(d) = d**3 - 9*d**2 + 6*d - 7. Let m = 6692 - 6685. Determine k(m).
-63
Let g(k) = -k**3 + 12*k**2 + k + 1. Let b(x) = -2*x**2 - x - 4. Let i(w) = -b(w) - g(w). Determine i(10).
3
Let q(z) = -1. Let o(x) = x. Let n be 2 + (-4 - 2 - -3). Let i(g) = n*o(g) + 5*q(g). Let f(t) = 105*t + 7028. Let c be f(-67). Determine i(c).
2
Let g(y) be the first derivative of y**4/4 + 4*y**3/3 - 3*y**2 + 5*y + 184. Calculate g(-5).
10
Let j be 68/1 - (2 - 0/2). Let h = 68 - j. Let t(x) = 25*x - 4*x**h + x**3 - 19*x + 1 - 2*x**2. Calculate t(5).
6
Let y(o) = o**2 + 0 - 12*o - 32 + 14 + 0. Give y(14).
10
Let n be 324/84 + (-14)/(-98). Let a(g) = -g**3 + 5*g**2 - 4*g - 7. Calculate a(n).
-7
Let k be ((-45)/(-120))/((-2)/(16/(-1))). Let n(i) = -4*i + 14. Give n(k).
2
Let a(l) = -l**2 + 5*l + 2. Let z = 389 - 162. Let u = 231 - z. Calculate a(u).
6
Let z(r) be the first derivative of -5*r**3/3 + 5*r**2/2 + 2*r + 6132. Determine z(-1).
-8
Let c(z) = -z - 9. Let j = 1455 + -1457. Determine c(j).
-7
Let t = 1 + -3. Let z be -2 + 15/(-3) + 9. Let a(s) = -13*s**2 + 0 - 19*s**z - 10*s**2 + 41*s**2 - 1. What is a(t)?
-5
Let l = -7361 + 7360. Let c(b) = -36*b**3 - b**2 - b - 1. What is c(l)?
35
Let m(x) = 1 - 70*x**2 + 143*x**2 - 74*x**2 - 5 - 8*x. Let p = -2 - 6. Give m(p).
-4
Suppose 5*a = 4*l - 64, -600*l + 32 = -a - 604*l. Let d(k) = -k**3 - 16*k**2 + k + 6. Calculate d(a).
-10
Let c(n) be the second derivative of -n**4/12 + n**3/3 + 5*n**2 - 2167*n. What is c(5)?
-5
Let c(t) = -5*t - 6. Let i = -5955 - -5953. Calculate c(i).
4
Let b(p) be the third derivative of -p**6/120 + 4*p**5/15 + 2*p**4/3 + 19*p**3/6 + 13*p**2 - 123*p. What is b(17)?
2
Let i(y) = 10*y - 5. Let p(g) = 13*g - 6. Let o(h) = 5*i(h) - 4*p(h). Let k(q) = -1. Let c(u) = -2*k(u) - o(u). Calculate c(0).
3
Let z(g) = -5*g**2 + g + 1. Let p = 222 + -216. Suppose 13*m = 7*m - p. Determine z(m).
-5
Let n(u) = -41*u - 65. Let m(a) = -148*a - 197. Let h(w) = 2*m(w) - 7*n(w). Determine h(16).
-83
Suppose 5*v + 6 - 1 = 0. Let d(s) = 4*s**2 - 1. Let r be d(v). Let n(a) = -3331*a + 1116*a + 2*a**2 + 1110*a - a**3 + 1106*a. Calculate n(r).
-6
Let b(d) = 6*d**2 + 2*d + 1. Let s be b(-1). Let i be (2/(-3))/2 + s/(-3). Let n(a) = 2 + a**2 + a**2 + a - 6*a**2 + 5*a**2. Give n(i).
4
Let l(a) be the first derivative of a**3/3 - 4*a**2 - a - 1. Suppose -2*q - 145 + 29 = 0. Let t be 1/(5 + q/12). Give l(t).
-13
Let y(b) = 5*b + 15. Let w be y(-3). Let u(o) = 4022 - 2*o + 3*o - 4029. Calculate u(w).
-7
Let q(z) = 17*z - 1. Let p = -1212 + 1216. What is q(p)?
67
Let t = -467 + 477. Let w be 10 + (-406)/56 + t/8. Let o(p) = -3*p**2 + 5*p - 4. Let k(n) = -16*n**2 + 25*n - 21. Let y(j) = -2*k(j) + 11*o(j). What is y(w)?
2
Let s(o) = 27608 - 13868 - 13900 - 15*o. Determine s(-11).
5
Let l = 344 + -347. Let h be ((-4)/8)/(1/(-4)). Let w(y) = h*y + 1 + 1 + 4*y**3 - 3*y**3 + 4*y**2 - y. What is w(l)?
8
Let b(o) = o**3 + 13*o**2 + 8*o - 2. Suppose -25*y + 4420 = -265*y - 100*y. Calculate b(y).
-106
Let v(p) = 7*p + 2. Let h(u) = 55*u + 22. Let k(s) = -5*h(s) + 40*v(s). What is k(8)?
10
Let h(t) = 221*t - 3113. Let v be h(14). Let f(z) = z**2 + 23*z + 74. Calculate f(v).
-2
Let n = 5 - 2. Let k(p) = p**2 + 3*p - 36. Let r be k(5). Let f(y) = 5*y**n + 20*y + 7*y**3 - 22*y + y**2 + r - 3. Calculate f(1).
12
Let g(p) = 375*p**2 - 2*p + 2. Let m be g(1). Suppose 13*s = -2*s + m. Let w(a) = 1 - s + 12 - a. What is w(-8)?
-4
Let m(a) = -3*a - 22. Let i = 29 - 35. Let p be m(i). Let t(n) be the first derivative of n**3/3 + 5*n**2/2 + 7. Calculate t(p).
-4
Let u(d) = -d**3 - 5*d**2 - 2*d - 3. Let x = -71 - -74. Suppose -3*k = -x*j - 11 + 29, -2*j + 27 = -5*k. What is u(k)?
7
Let c(o) = -o**2 + 9*o + 1. Suppose 0 = 3*v - 6, -217 - 146 = -5*u + v. Let r = 79 - u. Calculate c(r).
19
Let t(r) = -r**2 + 12*r - 15. Let v be t(10). Let p be 1/(-3) + v + (-33)/9. Let k(n) = n**3 + 7*n + p - 7 + 2*n - 8*n**2. What is k(7)?
8
Suppose 0 = 11*w + 12*w. Let g be -1*(-11 + (3 - -1)). Let y(o) = 2 - 1 + 3 + o - o**2 - g. What is y(w)?
-3
Let g(n) = -2*n**2 + n + 2. Let h(m) = 14*m**2 + 18*m + 21. Let t(k) = 6*g(k) + h(k). What is t(-10)?
-7
Suppose 5*u = -5*t + 60, -3*u + 13 = -2. Let p(c) = c**2 - 17*c - 31. Let v be p(19). Let a(h) = h + 7 - 34 + 14 + v. Calculate a(t).
1
Suppose -3*m = 3*n + 18, -n + 2*m + 0*m = 9. Suppose 0 = 2*p - 5*v + 63, -3*p = 3*v - 0*v + 63. Let o be p/n + 45/(-105). Let k(j) = -j + 3. Give k(o).
0
Suppose 5*f - 46 = -4*u, 0 = -f + 6*u - 5*u + 2. Let d(i) = -71*i - 10. Let w(y) = 386*y + 54. Let n(z) = 76*d(z) + 14*w(z). Calculate n(f).
44
Let d(w) = -w**2 - 4*w - 2. Let u(k) = -k + 1. Suppose -37 = -0*f + 3*f - 5*x, -f + 3*x = 19. Let m(b) = f*u(b) - d(b). Let r = 4204 + -4211. Give m(r).
-9
Let f(q) = q**2 + 10*q - 1. Let y(u) = 21*u - 150. Let w be y(8). Suppose 2*s = -l - w, 2*s + 3 = -5*l - 15. What is f(s)?
-10
Let h(i) = 196*i + 55. Let b(d) = 107*d + 30. Let f(k) = 11*b(k) - 6*h(k). Suppose -a + 39 = -4*q + 10, -3*a = 2*q - 17. Determine f(a).
9
Let i(h) = -h**3 - 8*h**2 - 14*h - 9. Suppose 19 + 653 = -112*v. Determine i(v).
3
Let t = 29 + -4. Suppose 0 = 5*p + 4*q - 24, 5*p - t = -4*q - q. Suppose r + p*m + 23 = -2*r, 0 = 2*r + 3*m + 16. Let u(f) = -f**2 - 7*f - 1. Give u(r).
9
Let y be (2 - (-88)/14)*7. Suppose -4 + y = 6*g. Let m(c) = c**2 - 13*c + 3. Give m(g).
-33
Suppose 0 = -5*x - 75*q + 73*q + 21, 2*q = -x + 9. Suppose x*y - 965 = -1001. Let g(i) = -i**2 - 15*i - 12. What is g(y)?
24
Let x(v) = 11*v**2 - 17*v + 13. Suppose 0 = -29432*d + 29492*d - 240. Determine x(d).
121
Let x be ((-3)/14)/((-57)/(-76))*-28. Suppose 16*r - x*r = 10*r. Let g(h) be the first derivative of -h**4/4 - h**3/3 - h**2/2 + 12*h + 2. What is g(r)?
12
Let j(l) = 9*l**3 + 281*l**2 - 224*l - 7. Let p be j(-32). Let w(c) = -5*c**2 + 8*c + 1. Let n(o) = -o**2 + 1. Let z(q) = 6*n(q) - w(q). Give z(p).
12
Let c = 226 + -223. Suppose c*v - 65 + 68 = 0. Let z(n) = 8*n**3 + n**2 - 1. What is z(v)?
-8
Let d(l) = -4*l - 6. Let r(f) = 5*f + 6. Let k = 2 + -6. Let c(v) = k*d(v) - 3*r(v). Let g(z) = -11803*z + 11800. Let u be g(1). What is c(u)?
3
Let v = 10779 - 10779. Let l(w) = 4*w - 69. Give l(v).
-69
Suppose -223*g = -224*g - c - 8, -4*c + 56 = -4*g. Let d(v) = v**2 + 7*v + 6. Determine d(g).
50
Let s(t) be the second derivative of -t**4/6 + t**3/2 + 9*t**2/2 - 74*t + 15. Determine s(5).
-26
Let j(i) = 13*i + 31. Suppose -53 = b - 4*m - 18, 3*m = 5*b + 39. What is j(b)?
-8
Suppose -9 = -8*v - 97. Let d(k) = -9*k**3 + 12*k**2 - 3*k - 11. Let o(m) = 25*m**3 - 35*m**2 + 8*m + 33. Let i(j) = v*d(j) - 4*o(j). What is i(8)?
-3
Let k(x) = -x**3 + 3*x**3 + 4*x + 3*x**2 - 11*x. Suppose -14*s + 80*s = 10*s - 87*s - 429. Calculate k(s).
-6
Suppose -4*w + 1 - 3 + 6 = 0. Let j(t) = 2*t - t - 6*t**2 - 1 - 4*t**2. What is j(w)?
-10
Let a = 276 - 268. Let h(x) = a - 20*x - 20*x + 62*x - 24*x. Give h(7).
-6
Let o be 4/((-6)/(-3)) + 2. Suppose 4*s - 10*s = -30. Let c(m) = -6*m + s*m - 2*m + 2. Calculate c(o).
-10
Let l(h) = -5*h**2 - 8*h - 6. Suppose 661 - 1081 = 84*r. Give l(r).
-91
Let i(j) = 4*j + 4. Suppose 43*r - 46*r - 63 = 0. Let o be (-14)/r - 7*10/6. Let h(g) = g**3 + 12*g**2 + 9*g - 25. Let k be h(o). What is i(k)?
-8
Suppose -s + a + 33 = 34, -4*s + 2*a = 18. Let d(l) = 3*l**2 + 13*l + 14. Give d(s).
102
Let t(i) be the second derivative of -i**4/3 + 278187*i. Let v(g) = 2*g**2 + 2*g - 2. Let c be v(-2). Give t(c).
-16
Let f(q) be the third derivative of q**6/120 + q**5/30 - q**4/12 + q**3/2 - 2*q**2 + 478*q. What is f(0)?
3
Let t(h) = -2*h**3 - 8*h**2 - 35*h - 27. Let x be t(-1). Let p(k) be the first derivative of 5*k - 27 + 3/2*k**x. Determine p(-4).
-7
Let t be 400/16 + 3/(-1). Suppose 28*v - 12 = t*v. Let y(p) = -1 - 164*p**2 + 78*p**v + 5*p + 2 - p**3 + 83*p**2. Calculate y(-4).
-3
Let q = -895 + 895. Let y(k) be the third derivative of k**4/24 + 11*k**3/6 + 5*k**2. Give y(q).
11
Let p(x) = -x**3 - 8*x**2 - 15*x + 5. Suppose 32 = -4*w - 2*s, w + 35 = -10*s + 5*s. Determine p(w).
5
Let d = -296 - -467. Let g = 171 - d. Let u(b) = 2*b - 8. Determine u(g).
-8
Let o(q) = -q**3 - q**2 + q + 1. Let h = -2 - -4. Suppose 0 = -11*c - 2913 + 2968. Suppose 3*a - w - c = 0, h*w + 13 = 3. What is o(a)?
1
Let k(n) = -n**